201*v**2 + 487*v - 325. What is j(-98)?
-31
Let i(l) = 11*l**2 - 16*l - 1. Determine i(1).
-6
Let n(r) = -r - 3. Calculate n(26).
-29
Let p(i) = -12*i**2 + 46*i - 115. Determine p(6).
-271
Let q(s) = -s**3 + 25*s**2 - 46*s - 96. Determine q(23).
-96
Let m(a) = a**3 - 124*a**2 - 3902*a + 293. What is m(150)?
-7
Let l(k) = -2*k**3 - 7*k**2 - 3*k - 65. What is l(-7)?
299
Let p(s) = s**3 - 15*s**2 - 3*s + 16. Determine p(15).
-29
Let u(z) = 2*z**3 - 16*z**2 + 13*z + 10. Determine u(8).
114
Let q(i) = -5*i**2 + 25*i + 9. Give q(6).
-21
Let m(i) = 24351*i + 2. What is m(0)?
2
Let q(o) = 2*o**3 + 5*o**2 - 14*o - 21. What is q(-4)?
-13
Let p(d) = -d**3 + 169*d**2 - 310*d - 4058. Give p(167).
-50
Let r(z) = 3*z**2 - 64*z + 1. Calculate r(21).
-20
Let q(c) = -43*c**2 + 144*c - 293. Give q(2).
-177
Let j(a) = -13*a**2 - 649*a + 43. Determine j(-50).
-7
Let p(b) = -91*b**3 + 4*b**2 + 62*b + 114. Calculate p(-2).
734
Let f(a) = a**3 - 6*a**2 - 23*a + 58. Calculate f(4).
-66
Let x(m) = -5*m**3 - 45*m**2 - 38*m + 14. Determine x(-8).
-2
Let f(z) = 164*z + 993. Give f(-6).
9
Let o(y) = 156*y + 356. Calculate o(-4).
-268
Let f(s) = 7*s**2 + 695*s + 200. Determine f(-99).
2
Let d(a) = a**3 + 27*a**2 - 23*a + 133. Determine d(-28).
-7
Let o(r) = r**2 - 12*r + 22. Calculate o(9).
-5
Let w(g) = -3*g**3 + 11*g**2 + 19*g - 73. What is w(5)?
-78
Let h(g) = 2*g**3 + 28*g**2 + 84*g - 6. Determine h(-9).
48
Let u(w) = -w**3 + 19*w**2 + 65*w + 2. Determine u(22).
-20
Let y(u) = -3*u + 71. Give y(19).
14
Let g(s) = 147*s - 1827. Determine g(12).
-63
Let h(u) = 2519*u - 400515. Give h(159).
6
Let b(y) = -2*y**2 + 97*y + 209. Determine b(54).
-385
Let a(l) = -l**3 + 113*l**2 + 9*l - 1015. Calculate a(113).
2
Let q(v) = -8*v**2 - 99*v + 7. Calculate q(-13).
-58
Let a(y) = -73*y + 643. Determine a(13).
-306
Let b(k) = 4*k - 2. Give b(9).
34
Let h(z) = -z**3 - 18*z**2 + 26*z - 38. Calculate h(-20).
242
Let f(k) = 5*k + 248. What is f(-44)?
28
Let y(p) = -2*p**2 + 26*p + 168. Determine y(18).
-12
Let j(d) = -d**2 + 15*d + 215. Give j(-9).
-1
Let h(i) = -31*i - 239. Calculate h(-8).
9
Let d(h) = h**2 + 87*h - 1221. What is d(15)?
309
Let x(u) = -38*u - 277. Give x(-8).
27
Let u(r) = 5*r - 105. What is u(21)?
0
Let f(d) = 41*d**2 - 369*d + 4. Give f(9).
4
Let s(n) = 11*n**3 - 338*n**2 - 1118*n - 7. Give s(-3).
8
Let l(p) = -8753*p - 26264. Determine l(-3).
-5
Let r(n) = -181*n - 1094. Calculate r(-10).
716
Let d(h) = 5*h - 44. Determine d(-11).
-99
Let r(s) = -s**3 - 5*s**2 + 3*s + 2. Give r(-9).
299
Let j(s) = s**3 + 16*s**2 + 29. Determine j(-16).
29
Let n(t) = -4*t**2 + 196*t - 343. Calculate n(47).
33
Let c(f) = f**2 - 64*f + 106. Calculate c(64).
106
Let r(b) = -2*b**3 - 252*b**2 - 964*b + 45. What is r(-4)?
-3
Let p(j) = -19*j**3 - 14*j**2 + 8*j - 2. Give p(2).
-194
Let c(t) = -14*t + 386. Give c(-4).
442
Let r(p) = p**3 + 28*p**2 - 284*p + 182. Determine r(-36).
38
Let v(j) = -115*j + 6330. What is v(55)?
5
Let c(m) = 521*m + 562. What is c(-1)?
41
Let l(i) = -i**3 + 35*i**2 + 114*i - 6. What is l(38)?
-6
Let n(b) = -186*b**2 - 4*b + 2. Give n(1).
-188
Let b(v) = -2559*v - 25630. What is b(-10)?
-40
Let q(z) = 6*z**2 + 90*z + 323. Determine q(-6).
-1
Let m(j) = j**3 - 39*j**2 + 108*j - 47. What is m(36)?
-47
Let x(t) = -16*t**2 - 678*t - 910. Calculate x(-41).
-8
Let o(w) = -w**3 + 4*w**2 + w - 3. Determine o(-3).
57
Let w(m) = -89*m**3 + 96*m**2 - 100*m + 5. Calculate w(1).
-88
Let o(x) = x**3 - 69*x**2 + 133*x + 26. Determine o(67).
-41
Let v(m) = 2*m**3 + 146*m**2 - m - 39. Give v(-73).
34
Let i(w) = 197*w**2 + 2168*w + 22. Give i(-11).
11
Let p(o) = 109*o - 1075. Give p(10).
15
Let l(r) = 15*r + 302. What is l(-21)?
-13
Let v(p) = p**3 - 14*p**2 + 8*p + 19. Calculate v(12).
-173
Let w(f) = 27*f**2 + 4*f + 13. What is w(-3)?
244
Let z(c) = -58*c - 8987. Give z(-155).
3
Let z(x) = x**3 + 45*x**2 + 52*x + 364. Calculate z(-44).
12
Let v(r) = r**2 - 4494*r - 99352. What is v(-22)?
0
Let t(u) = 25*u + 19. What is t(5)?
144
Let u(m) = -m**2 - 18*m + 140. Determine u(6).
-4
Let k(y) = y**3 - 14*y**2 - 51*y - 71. Give k(17).
-71
Let c(i) = i**2 - 12*i - 24. Give c(12).
-24
Let i(n) = -7*n**2 - 30*n + 22. Calculate i(-5).
-3
Let x(g) = 2*g**3 + 62*g**2 - 133*g - 31. Calculate x(-33).
2
Let q(t) = -t**2 - 106*t - 2232. Give q(-77).
1
Let u(c) = -3*c**3 - 32*c**2 - 23*c - 29. Determine u(-10).
1
Let o(i) = i**3 - 6*i**2 - 12*i - 32. Give o(8).
0
Let c(m) = -5*m**3 - 24*m**2 + m - 13. What is c(-5)?
7
Let d(a) = a**2 - 22*a + 55. Determine d(10).
-65
Let h(u) = u**3 + 260*u**2 + 3444*u + 6. Calculate h(-246).
6
Let o(w) = 2*w**2 - 15*w - 877. Calculate o(25).
-2
Let y(k) = -3*k**2 + 794*k + 261. Give y(265).
-4
Let y(m) = m**3 + 11*m**2 - 9*m - 6. Calculate y(-6).
228
Let p(j) = 2*j**2 + 16*j + 37. Calculate p(-2).
13
Let p(b) = 1307*b + 109795. Give p(-84).
7
Let w(u) = -34*u**2 - 986*u + 36. Give w(-29).
36
Let z(n) = -n**3 - n**2 - 110*n - 485. What is z(-4)?
3
Let z(d) = -d**2 + 18*d - 60. Determine z(16).
-28
Let o(a) = 177*a + 872. Calculate o(-6).
-190
Let p(c) = -2*c**2 - 56*c + 30. Give p(-30).
-90
Let q(a) = -a**3 + 18*a**2 + 16*a + 118. What is q(19)?
61
Let f(u) = 5*u**2 + 53*u + 3. Calculate f(-5).
-137
Let h(o) = -o**2 - 121*o - 1575. Give h(-106).
15
Let g(d) = 968*d + 4850. What is g(-5)?
10
Let u(r) = r**3 + 14*r**2 + 187*r + 2283. Give u(-13).
21
Let b(q) = -q**3 - 12*q**2 - 12*q + 142. Give b(-9).
7
Let u(j) = -465*j + 10. Determine u(0).
10
Let a(h) = 500*h + 5957. What is a(-12)?
-43
Let y(s) = 112*s + 579. Calculate y(-8).
-317
Let n(x) = x**2 - 51*x + 651. Determine n(40).
211
Let r(p) = 366*p + 1473. Determine r(-4).
9
Let w(d) = -d**3 - 14*d**2 - 19*d - 128. Determine w(-14).
138
Let b(p) = -2*p**3 - 2*p**2 - p + 16. Determine b(3).
-59
Let l(m) = -m**3 - 21*m**2 + 198*m + 4455. What is l(-16)?
7
Let m(u) = -u**2 + 7*u + 7. Determine m(11).
-37
Let d(f) = -f**2 + 47*f - 27. What is d(52)?
-287
Let m(x) = x**3 + 31*x**2 - 272*x - 225. Determine m(-38).
3
Let p(s) = 314*s - 7848. Calculate p(25).
2
Let v(o) = 2*o**2 + 66*o + 535. Calculate v(-18).
-5
Let t(s) = s**2 + 53*s - 420. Give t(7).
0
Let z(n) = 78*n + 58. Calculate z(3).
292
Let x(z) = -18*z + 89. Calculate x(11).
-109
Let f(l) = l**3 + 38*l**2 - 35*l + 182. What is f(-39)?
26
Let u(g) = -51*g**2 - 202*g + 1. Determine u(-4).
-7
Let a(k) = 12*k**2 - 36*k + 2. Calculate a(6).
218
Let b(p) = -p**3 + 13*p**2 - 258*p + 2269. Give b(9).
271
Let b(f) = f**3 - 35*f**2 - 378*f + 13. Give b(-8).
285
Let t(f) = -f**2 + 21*f - 396. Give t(21).
-396
Let m(z) = -z**2 + 13*z + 299. Determine m(28).
-121
Let d(u) = 93*u - 946. Give d(10).
-16
Let g(l) = 5*l + 46. What is g(-8)?
6
Let p(h) = -54*h**3 - 5*h**2 + 91*h - 163. Determine p(2).
-433
Let m(i) = -158*i + 801. Calculate m(5).
11
Let q(j) = 130*j**3 + j**2 + 17*j - 18. Calculate q(1).
130
Let g(x) = 683*x - 7411. Determine g(11).
102
Let j(a) = -a**3 + 17*a**2 + 71*a - 111. Calculate j(20).
109
Let p(o) = 24*o + 292. Calculate p(-10).
52
Let j(y) = -3*y**2 + y + 89. Determine j(-5).
9
Let z(o) = -o**2 + 29*o - 257. Give z(13).
-49
Let p(r) = r**3 - 9*r**2 - 18*r + 33. Calculate p(11).
77
Let v(l) = -l**2 - 138*l - 921. Determine v(-7).
-4
Let a(f) = -f**2 + 111*f + 687. Determine a(119).
-265
Let w(g) = -194*g + 2900. Give w(14).
184
Let q(u) = -2*u**2 + 460*u + 458. What is q(-1)?
-4
Let f(x) = -6*x**2 - 9*x - 16. Give f(-7).
-247
Let i(b) = -52*b + 2030. Calculate i(39).
2
Let r(n) = -2*n - 53. Determine r(12).
-77
Let x(w) = w**2 + 86*w - 657. Give x(7).
-6
Let g(s) = s**3 - 12*s**2 - 17*s + 42. Give g(13).
-10
Let b(r) = 3*r**3 + 115*r**2 + 42*r + 148. Calculate b(-38).
-4
Let d(g) = -g**3 + 18*g**2 - 3*g + 82. Calculate d(17).
320
Let t(u) = 2426*u - 12156. Calculate t(5).
-26
Let z(c) = 48*c**3 + 3*c**2 - 4*c + 2. Determine z(1).
49
Let s(z) = -2*z**2 + 63*z + 63. Determine s(33).
-36
Let m(q) = 4041*q + 64662. What is m(-16)?
6
Let h(v) = -145*v + 3172. Give h(22).
-18
Let m(j) = -376*j + 6725. What is m(18)?
-43
Let d(m) = -1004*m - 15066. Determine d(-15).
-6
Let u(w) = -w**2 + 18*w - 57. Calculate u(12).
15
Let j(v) = 58*v - 4750. Determine j(82).
6
Let o(a) = a**3 - 35*a**2 - 100*a - 557. Determine o(38).
-25
Let s(u) = -267*u - 1075. Calcula